 the thousands digit of 42246?
2
What is the hundreds digit of 174?
1
What is the units digit of 874?
4
What is the thousands digit of 4629?
4
What is the hundreds digit of 547?
5
What is the hundreds digit of 41620?
6
What is the thousands digit of 3251?
3
What is the ten thousands digit of 49889?
4
What is the tens digit of 17981?
8
What is the tens digit of 4162?
6
What is the tens digit of 4216?
1
What is the tens digit of 2679?
7
What is the hundreds digit of 31211?
2
What is the hundreds digit of 130017?
0
What is the hundreds digit of 2570?
5
What is the units digit of 3192?
2
What is the ten thousands digit of 17364?
1
What is the hundreds digit of 416?
4
What is the tens digit of 50?
5
What is the thousands digit of 8144?
8
What is the tens digit of 3645?
4
What is the hundreds digit of 23791?
7
What is the ten thousands digit of 10410?
1
What is the units digit of 75?
5
What is the hundreds digit of 297?
2
What is the thousands digit of 2120?
2
What is the hundreds digit of 853?
8
What is the units digit of 40703?
3
What is the thousands digit of 180376?
0
What is the ten thousands digit of 63445?
6
What is the tens digit of 11157?
5
What is the hundreds digit of 1041?
0
What is the ten thousands digit of 13773?
1
What is the units digit of 1641?
1
What is the units digit of 3565?
5
What is the hundreds digit of 615?
6
What is the ten thousands digit of 11906?
1
What is the units digit of 843?
3
What is the ten thousands digit of 23158?
2
What is the units digit of 428?
8
What is the hundreds digit of 776?
7
What is the hundreds digit of 1758?
7
What is the hundreds digit of 50925?
9
What is the tens digit of 39886?
8
What is the hundreds digit of 59315?
3
What is the units digit of 547?
7
What is the ten thousands digit of 59096?
5
What is the hundreds digit of 556?
5
What is the units digit of 33041?
1
What is the tens digit of 9901?
0
What is the hundreds digit of 630?
6
What is the units digit of 448?
8
What is the units digit of 4235?
5
What is the hundreds digit of 117158?
1
What is the thousands digit of 8468?
8
What is the units digit of 27311?
1
What is the thousands digit of 1241?
1
What is the thousands digit of 6462?
6
What is the units digit of 122774?
4
What is the tens digit of 96?
9
What is the tens digit of 8916?
1
What is the ten thousands digit of 36556?
3
What is the ten thousands digit of 34310?
3
What is the ten thousands digit of 14645?
1
What is the thousands digit of 11243?
1
What is the tens digit of 1274?
7
What is the units digit of 16988?
8
What is the tens digit of 12003?
0
What is the thousands digit of 32910?
2
What is the thousands digit of 5631?
5
What is the hundreds digit of 7131?
1
What is the tens digit of 3214?
1
What is the tens digit of 123645?
4
What is the hundreds digit of 407?
4
What is the units digit of 2322?
2
What is the thousands digit of 3165?
3
What is the tens digit of 11822?
2
What is the tens digit of 1714?
1
What is the thousands digit of 78846?
8
What is the thousands digit of 68154?
8
What is the tens digit of 3809?
0
What is the ten thousands digit of 53770?
5
What is the units digit of 21821?
1
What is the tens digit of 693?
9
What is the thousands digit of 70811?
0
What is the tens digit of 3958?
5
What is the ten thousands digit of 41486?
4
What is the tens digit of 8084?
8
What is the thousands digit of 2051?
2
What is the hundreds digit of 29610?
6
What is the units digit of 4578?
8
What is the tens digit of 9000?
0
What is the thousands digit of 10135?
0
What is the ten thousands digit of 31242?
3
What is the tens digit of 9078?
7
What is the units digit of 31?
1
What is the hundreds digit of 1792?
7
What is the units digit of 2293?
3
What is the thousands digit of 91555?
1
What is the tens digit of 45?
4
What is the thousands digit of 80591?
0
What is the ten thousands digit of 19464?
1
What is the units digit of 137296?
6
What is the hundreds digit of 19115?
1
What is the thousands digit of 1371?
1
What is the hundreds digit of 5990?
9
What is the thousands digit of 2187?
2
What is the tens digit of 1133?
3
What is the ten thousands digit of 21819?
2
What is the tens digit of 75174?
7
What is the units digit of 499?
9
What is the units digit of 388?
8
What is the units digit of 633?
3
What is the tens digit of 5613?
1
What is the hundreds digit of 252?
2
What is the units digit of 538?
8
What is the tens digit of 1776?
7
What is the tens digit of 4322?
2
What is the hundreds digit of 3235?
2
What is the thousands digit of 6869?
6
What is the thousands digit of 6124?
6
What is the tens digit of 21426?
2
What is the tens digit of 8347?
4
What is the hundreds digit of 91095?
0
What is the hundreds digit of 152?
1
What is the units digit of 320?
0
What is the hundreds digit of 85457?
4
What is the tens digit of 8971?
7
What is the units digit of 2050?
0
What is the units digit of 17859?
9
What is the units digit of 866?
6
What is the ten thousands digit of 124749?
2
What is the thousands digit of 44485?
4
What is the tens digit of 75?
7
What is the hundreds digit of 623?
6
What is the tens digit of 3068?
6
What is the tens digit of 2100?
0
What is the units digit of 667?
7
What is the thousands digit of 12752?
2
What is the hundreds digit of 457?
4
What is the tens digit of 7728?
2
What is the units digit of 14430?
0
What is the tens digit of 13297?
9
What is the thousands digit of 8042?
8
What is the tens digit of 2689?
8
What is the thousands digit of 24307?
4
What is the units digit of 250?
0
What is the hundreds digit of 3775?
7
What is the thousands digit of 2706?
2
What is the thousands digit of 1826?
1
What is the units digit of 195?
5
What is the thousands digit of 7336?
7
What is the tens digit of 7638?
3
What is the thousands digit of 76454?
6
What is the units digit of 13715?
5
What is the tens digit of 497?
9
What is the tens digit of 4704?
0
What is the thousands digit of 13196?
3
What is the ten thousands digit of 98287?
9
What is the tens digit of 1508?
0
What is the ten thousands digit of 139975?
3
What is the tens digit of 43527?
2
What is the units digit of 894?
4
What is the units digit of 727?
7
What is the hundreds digit of 255?
2
What is the hundreds digit of 1173?
1
What is the units digit of 48561?
1
What is the ten thousands digit of 52137?
5
What is the ten thousands digit of 83637?
8
What is the hundreds digit of 7465?
4
What is the hundreds digit of 20970?
9
What is the units digit of 709?
9
What is the units digit of 17225?
5
What is the tens digit of 16386?
8
What is the units digit of 118116?
6
What is the units digit of 3910?
0
What is the tens digit of 1950?
5
What is the hundreds digit of 638?
6
What is the hundreds digit of 12724?
7
What is the hundreds digit of 17062?
0
What is the ten thousands digit of 33630?
3
What is the thousands digit of 73728?
3
What is the tens digit of 781?
8
What is the tens digit of 837?
3
What is the units digit of 301?
1
What is the tens digit of 2589?
8
What is the thousands digit of 15074?
5
What is the tens digit of 61?
6
What is the tens digit of 543?
4
What is the tens digit of 12113?
1
What is the hundreds digit of 3384?
3
What is the tens digit of 5616?
1
What is the thousands digit of 1061?
1
What is the tens digit of 1252?
5
What is the thousands digit of 11944?
1
What is the hundreds digit of 1784?
7
What is the thousands digit of 2425?
2
What is the hundreds digit of 445?
4
What is the units digit of 48649?
9
What is the tens digit of 306?
0
What is the hundreds digit of 26672?
6
What is the tens digit of 55377?
7
What is the units digit of 10792?
2
What is the tens digit of 5958?
5
What is the tens digit of 129?
2
What is the units digit of 1362?
2
What is the thousands digit of 4350?
4
What is the ten thousands digit of 89671?
8
What is the hundreds digit of 28943?
9
What is the tens digit of 32782?
8
What is the hundreds digit of 13670?
6
What is the tens digit of 33492?
9
What is the tens digit of 175913?
1
What is the units digit of 536?
6
What is the units digit of 707?
7
What is the thousands digit of 2016?
2
What is the hundreds digit of 2072?
0
What is the tens digit of 956?
5
What is the hundreds digit of 17465?
4
What is the hundreds digit of 1972?
9
What is the hundreds digit of 